{"id":77,"date":"2021-09-30T16:14:22","date_gmt":"2021-09-30T14:14:22","guid":{"rendered":"http:\/\/hiscon.pl\/?page_id=77"},"modified":"2021-09-30T16:34:34","modified_gmt":"2021-09-30T14:34:34","slug":"o-nas","status":"publish","type":"page","link":"http:\/\/hiscon.pl\/index.php\/o-nas\/","title":{"rendered":"O nas"},"content":{"rendered":"\t\t<div data-elementor-type=\"wp-page\" data-elementor-id=\"77\" class=\"elementor elementor-77\" data-elementor-settings=\"[]\">\n\t\t\t\t\t\t\t<div class=\"elementor-section-wrap\">\n\t\t\t\t\t\t\t<section class=\"elementor-section elementor-top-section elementor-element elementor-element-a9ac14b elementor-section-boxed elementor-section-height-default elementor-section-height-default\" data-id=\"a9ac14b\" data-element_type=\"section\">\n\t\t\t\t\t\t<div class=\"elementor-container elementor-column-gap-default\">\n\t\t\t\t\t<div class=\"elementor-column elementor-col-50 elementor-top-column elementor-element elementor-element-a11c79b\" data-id=\"a11c79b\" data-element_type=\"column\">\n\t\t\t<div class=\"elementor-widget-wrap elementor-element-populated\">\n\t\t\t\t\t\t\t\t<div class=\"elementor-element elementor-element-b36637f elementor-widget elementor-widget-heading\" data-id=\"b36637f\" data-element_type=\"widget\" data-widget_type=\"heading.default\">\n\t\t\t\t<div class=\"elementor-widget-container\">\n\t\t\t<h2 class=\"elementor-heading-title elementor-size-default\">O nas<\/h2>\t\t<\/div>\n\t\t\t\t<\/div>\n\t\t\t\t\t<\/div>\n\t\t<\/div>\n\t\t\t\t<div class=\"elementor-column elementor-col-50 elementor-top-column elementor-element elementor-element-d0b7a37\" data-id=\"d0b7a37\" data-element_type=\"column\">\n\t\t\t<div class=\"elementor-widget-wrap\">\n\t\t\t\t\t\t\t\t\t<\/div>\n\t\t<\/div>\n\t\t\t\t\t\t\t<\/div>\n\t\t<\/section>\n\t\t\t\t<section class=\"elementor-section elementor-top-section elementor-element elementor-element-45b3f14 elementor-section-boxed elementor-section-height-default elementor-section-height-default\" data-id=\"45b3f14\" data-element_type=\"section\">\n\t\t\t\t\t\t<div class=\"elementor-container elementor-column-gap-default\">\n\t\t\t\t\t<div class=\"elementor-column elementor-col-66 elementor-top-column elementor-element elementor-element-ad10a39\" data-id=\"ad10a39\" data-element_type=\"column\">\n\t\t\t<div class=\"elementor-widget-wrap elementor-element-populated\">\n\t\t\t\t\t\t\t\t<div class=\"elementor-element elementor-element-f99f79a elementor-widget elementor-widget-text-editor\" data-id=\"f99f79a\" data-element_type=\"widget\" data-widget_type=\"text-editor.default\">\n\t\t\t\t<div class=\"elementor-widget-container\">\n\t\t\t\t\t\t\t<p><strong>\u015awiadczymy profesjonalne badania patomorfologiczne wykonywane i konsultowane przez czo\u0142owych specjalist\u00f3w w Polsce.<span class=\"Apple-converted-space\">&nbsp;<\/span><\/strong><\/p>\n<p><strong>Pracujemy na wysokiej klasy aparaturze diagnostycznej, uwzgl\u0119dniaj\u0105cej najnowsze rozwi\u0105zania z zakresu zdalnej patologii, w oparciu o procedury oraz standardy Polskiego Towarzystwa Patolog\u00f3w i Ministerstwa Zdrowia, zapewniaj\u0105c sta\u0142\u0105 i terminow\u0105 obs\u0142ug\u0119 zlece\u0144 zgodnie <\/strong><strong style=\"font-style: inherit;\">z zawart\u0105 umow\u0105.<\/strong><\/p>\n<p><strong>Wysoki poziom \u015bwiadczonych przez nas us\u0142ug pozwala szybko postawi\u0107 diagnoz\u0119, i co wa\u017cne<span class=\"Apple-converted-space\">&nbsp; <\/span>prawid\u0142owo zaplanowa\u0107 dalsze leczenie pacjenta.<span class=\"Apple-converted-space\">&nbsp;<\/span><\/strong><\/p>\t\t\t\t\t\t<\/div>\n\t\t\t\t<\/div>\n\t\t\t\t\t<\/div>\n\t\t<\/div>\n\t\t\t\t<div class=\"elementor-column elementor-col-33 elementor-top-column elementor-element elementor-element-79af7ef\" data-id=\"79af7ef\" data-element_type=\"column\">\n\t\t\t<div class=\"elementor-widget-wrap elementor-element-populated\">\n\t\t\t\t\t\t\t\t<div class=\"elementor-element elementor-element-40a0f16 elementor-widget elementor-widget-image\" data-id=\"40a0f16\" data-element_type=\"widget\" data-widget_type=\"image.default\">\n\t\t\t\t<div class=\"elementor-widget-container\">\n\t\t\t\t\t\t\t\t\t\t\t\t\t\t\t<img width=\"683\" height=\"1024\" src=\"http:\/\/hiscon.pl\/wp-content\/uploads\/2021\/09\/drew-hays-tGYrlchfObE-unsplash-683x1024.jpg\" class=\"attachment-large size-large\" alt=\"\" loading=\"lazy\" srcset=\"http:\/\/hiscon.pl\/wp-content\/uploads\/2021\/09\/drew-hays-tGYrlchfObE-unsplash-683x1024.jpg 683w, http:\/\/hiscon.pl\/wp-content\/uploads\/2021\/09\/drew-hays-tGYrlchfObE-unsplash-200x300.jpg 200w, http:\/\/hiscon.pl\/wp-content\/uploads\/2021\/09\/drew-hays-tGYrlchfObE-unsplash-768x1152.jpg 768w, http:\/\/hiscon.pl\/wp-content\/uploads\/2021\/09\/drew-hays-tGYrlchfObE-unsplash-1024x1536.jpg 1024w, http:\/\/hiscon.pl\/wp-content\/uploads\/2021\/09\/drew-hays-tGYrlchfObE-unsplash-1365x2048.jpg 1365w, http:\/\/hiscon.pl\/wp-content\/uploads\/2021\/09\/drew-hays-tGYrlchfObE-unsplash-scaled.jpg 1707w\" sizes=\"(max-width: 683px) 100vw, 683px\" \/>\t\t\t\t\t\t\t\t\t\t\t\t\t\t\t<\/div>\n\t\t\t\t<\/div>\n\t\t\t\t\t<\/div>\n\t\t<\/div>\n\t\t\t\t\t\t\t<\/div>\n\t\t<\/section>\n\t\t\t\t\t\t<\/div>\n\t\t\t\t\t<\/div>\n\t\t","protected":false},"excerpt":{"rendered":"<p>O nas \u015awiadczymy profesjonalne badania patomorfologiczne wykonywane i konsultowane przez czo\u0142owych specjalist\u00f3w w Polsce.&nbsp; Pracujemy na wysokiej klasy aparaturze diagnostycznej, uwzgl\u0119dniaj\u0105cej najnowsze rozwi\u0105zania z zakresu zdalnej patologii, w oparciu o procedury oraz standardy Polskiego Towarzystwa Patolog\u00f3w i Ministerstwa Zdrowia, zapewniaj\u0105c sta\u0142\u0105 i terminow\u0105 obs\u0142ug\u0119 zlece\u0144 zgodnie z zawart\u0105 umow\u0105. Wysoki poziom \u015bwiadczonych przez nas us\u0142ug &hellip;<\/p>\n<p class=\"read-more\"> <a class=\"\" href=\"http:\/\/hiscon.pl\/index.php\/o-nas\/\"> <span class=\"screen-reader-text\">O nas<\/span> Read More &raquo;<\/a><\/p>\n","protected":false},"author":1,"featured_media":0,"parent":0,"menu_order":0,"comment_status":"closed","ping_status":"closed","template":"","meta":{"_monsterinsights_skip_tracking":false,"_monsterinsights_sitenote_active":false,"_monsterinsights_sitenote_note":"","_monsterinsights_sitenote_category":0},"_links":{"self":[{"href":"http:\/\/hiscon.pl\/index.php\/wp-json\/wp\/v2\/pages\/77"}],"collection":[{"href":"http:\/\/hiscon.pl\/index.php\/wp-json\/wp\/v2\/pages"}],"about":[{"href":"http:\/\/hiscon.pl\/index.php\/wp-json\/wp\/v2\/types\/page"}],"author":[{"embeddable":true,"href":"http:\/\/hiscon.pl\/index.php\/wp-json\/wp\/v2\/users\/1"}],"replies":[{"embeddable":true,"href":"http:\/\/hiscon.pl\/index.php\/wp-json\/wp\/v2\/comments?post=77"}],"version-history":[{"count":7,"href":"http:\/\/hiscon.pl\/index.php\/wp-json\/wp\/v2\/pages\/77\/revisions"}],"predecessor-version":[{"id":97,"href":"http:\/\/hiscon.pl\/index.php\/wp-json\/wp\/v2\/pages\/77\/revisions\/97"}],"wp:attachment":[{"href":"http:\/\/hiscon.pl\/index.php\/wp-json\/wp\/v2\/media?parent=77"}],"curies":[{"name":"wp","href":"https:\/\/api.w.org\/{rel}","templated":true}]}}